
--
-- Table structure for table `wp_yoast_indexable_hierarchy`
--

CREATE TABLE `wp_yoast_indexable_hierarchy` (
  `indexable_id` int(11) unsigned NOT NULL,
  `ancestor_id` int(11) unsigned NOT NULL,
  `depth` int(11) unsigned DEFAULT NULL,
  `blog_id` bigint(20) NOT NULL DEFAULT 1,
  PRIMARY KEY (`indexable_id`,`ancestor_id`),
  KEY `indexable_id` (`indexable_id`),
  KEY `ancestor_id` (`ancestor_id`),
  KEY `depth` (`depth`)
) ENGINE=InnoDB DEFAULT CHARSET=utf8mb4 COLLATE=utf8mb4_unicode_ci;

--
-- Dumping data for table `wp_yoast_indexable_hierarchy`
--

INSERT INTO `wp_yoast_indexable_hierarchy` VALUES (51,0,0,1),(65,0,0,1),(68,0,0,1),(72,0,0,1),(185,0,0,1),(191,0,0,1),(194,0,0,1),(224,0,0,1),(232,0,0,1),(234,0,0,1),(236,0,0,1),(238,0,0,1),(240,0,0,1),(242,0,0,1),(244,0,0,1),(259,0,0,1),(262,0,0,1),(265,0,0,1),(268,0,0,1),(282,0,0,1),(286,0,0,1),(289,0,0,1),(292,0,0,1),(295,0,0,1),(297,0,0,1),(300,0,0,1),(303,0,0,1),(306,0,0,1),(309,0,0,1),(317,0,0,1),(320,0,0,1),(322,0,0,1),(328,0,0,1),(331,0,0,1),(337,0,0,1),(344,0,0,1),(349,0,0,1),(352,0,0,1),(355,0,0,1),(358,0,0,1),(364,0,0,1),(367,0,0,1),(373,0,0,1),(378,0,0,1),(385,0,0,1),(389,0,0,1),(398,0,0,1),(401,0,0,1),(404,0,0,1),(409,0,0,1),(412,0,0,1),(415,0,0,1),(418,0,0,1),(421,0,0,1),(424,0,0,1),(427,0,0,1),(430,0,0,1),(433,0,0,1),(444,0,0,1),(447,0,0,1),(453,0,0,1),(474,0,0,1),(802,0,0,1),(804,0,0,1);

--
-- Table structure for table `wp_yoast_migrations`
--

CREATE TABLE `wp_yoast_migrations` (
  `id` int(11) unsigned NOT NULL AUTO_INCREMENT,
  `version` varchar(191) COLLATE utf8mb4_unicode_ci DEFAULT NULL,
  PRIMARY KEY (`id`),
  UNIQUE KEY `wp_yoast_migrations_version` (`version`)
) ENGINE=InnoDB AUTO_INCREMENT=24 DEFAULT CHARSET=utf8mb4 COLLATE=utf8mb4_unicode_ci;

--
-- Dumping data for table `wp_yoast_migrations`
--

INSERT INTO `wp_yoast_migrations` VALUES (1,'20171228151840'),(2,'20171228151841'),(3,'20190529075038'),(4,'20191011111109'),(5,'20200408101900'),(6,'20200420073606'),(7,'20200428123747'),(8,'20200428194858'),(9,'20200429105310'),(10,'20200430075614'),(11,'20200430150130'),(12,'20200507054848'),(13,'20200513133401'),(14,'20200609154515'),(15,'20200616130143'),(16,'20200617122511'),(17,'20200702141921'),(18,'20200728095334'),(19,'20201202144329'),(20,'20201216124002'),(21,'20201216141134'),(22,'20210817092415'),(23,'20211020091404');

--
-- Table structure for table `wp_yoast_primary_term`
--

CREATE TABLE `wp_yoast_primary_term` (
  `id` int(11) unsigned NOT NULL AUTO_INCREMENT,
  `post_id` bigint(20) DEFAULT NULL,
  `term_id` bigint(20) DEFAULT NULL,
  `taxonomy` varchar(32) COLLATE utf8mb4_unicode_ci NOT NULL,
  `created_at` datetime DEFAULT NULL,
  `updated_at` timestamp NOT NULL DEFAULT current_timestamp() ON UPDATE current_timestamp(),
  `blog_id` bigint(20) NOT NULL DEFAULT 1,
  PRIMARY KEY (`id`),
  KEY `post_taxonomy` (`post_id`,`taxonomy`),
  KEY `post_term` (`post_id`,`term_id`)
) ENGINE=InnoDB DEFAULT CHARSET=utf8mb4 COLLATE=utf8mb4_unicode_ci;

--
-- Dumping data for table `wp_yoast_primary_term`
--


--
-- Table structure for table `wp_yoast_seo_links`
--

CREATE TABLE `wp_yoast_seo_links` (
  `id` bigint(20) unsigned NOT NULL AUTO_INCREMENT,
  `url` varchar(255) DEFAULT NULL,
  `post_id` bigint(20) unsigned DEFAULT NULL,
  `target_post_id` bigint(20) unsigned DEFAULT NULL,
  `type` varchar(8) DEFAULT NULL,
  `indexable_id` int(11) unsigned DEFAULT NULL,
  `target_indexable_id` int(11) unsigned DEFAULT NULL,
  `height` int(11) unsigned DEFAULT NULL,
  `width` int(11) unsigned DEFAULT NULL,
  `size` int(11) unsigned DEFAULT NULL,
  `language` varchar(32) DEFAULT NULL,
  `region` varchar(32) DEFAULT NULL,
  PRIMARY KEY (`id`),
  KEY `link_direction` (`post_id`,`type`),
  KEY `indexable_link_direction` (`indexable_id`,`type`)
) ENGINE=InnoDB AUTO_INCREMENT=71 DEFAULT CHARSET=utf8;

--
-- Dumping data for table `wp_yoast_seo_links`
--

INSERT INTO `wp_yoast_seo_links` VALUES (1,'data:image/jpeg;base64,/9j/4AAQSkZJRgABAQEAgQCWAAD/2wBDAAMCAgMCAgMDAwMEAwMEBQgFBQQEBQoHBwYIDAoMDAsKCwsNDhIQDQ4RDgsLEBYQERMUFRUVDA8XGBYUGBIUFRT/2wBDAQMEBAUEBQkFBQkUDQsNFBQUFBQUFBQUFBQUFBQUFBQUFBQUFBQUFBQUFBQUFBQUFBQUFBQUFBQUFBQUFBQUFBT/wAARCAE5AXwDASIAAhEB',3849,NULL,'image-ex',191,NULL,NULL,NULL,NULL,NULL,NULL),(2,'data:image/jpeg;base64,/9j/4AAQSkZJRgABAQEAYABgAAD/2wBDAAMCAgMCAgMDAwMEAwMEBQgFBQQEBQoHBwYIDAoMDAsKCwsNDhIQDQ4RDgsLEBYQERMUFRUVDA8XGBYUGBIUFRT/2wBDAQMEBAUEBQkFBQkUDQsNFBQUFBQUFBQUFBQUFBQUFBQUFBQUFBQUFBQUFBQUFBQUFBQUFBQUFBQUFBQUFBQUFBT/wAARCAB9ALwDASIAAhEB',3862,NULL,'image-ex',145,NULL,NULL,NULL,NULL,NULL,NULL),(3,'data:image/jpeg;base64,/9j/4AAQSkZJRgABAQEAYABgAAD/2wBDAAMCAgMCAgMDAwMEAwMEBQgFBQQEBQoHBwYIDAoMDAsKCwsNDhIQDQ4RDgsLEBYQERMUFRUVDA8XGBYUGBIUFRT/2wBDAQMEBAUEBQkFBQkUDQsNFBQUFBQUFBQUFBQUFBQUFBQUFBQUFBQUFBQUFBQUFBQUFBQUFBQUFBQUFBQUFBQUFBT/wAARCADeAH4DASIAAhEB',3863,NULL,'image-ex',272,NULL,NULL,NULL,NULL,NULL,NULL),(4,'data:image/jpeg;base64,/9j/4AAQSkZJRgABAQEAYABgAAD/2wBDAAMCAgMCAgMDAwMEAwMEBQgFBQQEBQoHBwYIDAoMDAsKCwsNDhIQDQ4RDgsLEBYQERMUFRUVDA8XGBYUGBIUFRT/2wBDAQMEBAUEBQkFBQkUDQsNFBQUFBQUFBQUFBQUFBQUFBQUFBQUFBQUFBQUFBQUFBQUFBQUFBQUFBQUFBQUFBQUFBT/wAARCAB6AMADASIAAhEB',3865,NULL,'image-ex',385,NULL,NULL,NULL,NULL,NULL,NULL),(5,'data:image/jpeg;base64,/9j/4AAQSkZJRgABAQEAYABgAAD/2wBDAAMCAgMCAgMDAwMEAwMEBQgFBQQEBQoHBwYIDAoMDAsKCwsNDhIQDQ4RDgsLEBYQERMUFRUVDA8XGBYUGBIUFRT/2wBDAQMEBAUEBQkFBQkUDQsNFBQUFBQUFBQUFBQUFBQUFBQUFBQUFBQUFBQUFBQUFBQUFBQUFBQUFBQUFBQUFBQUFBT/wAARCACQANIDASIAAhEB',3867,NULL,'image-ex',382,NULL,NULL,NULL,NULL,NULL,NULL),(6,'data:image/jpeg;base64,/9j/4AAQSkZJRgABAQEAYABgAAD/2wBDAAMCAgMCAgMDAwMEAwMEBQgFBQQEBQoHBwYIDAoMDAsKCwsNDhIQDQ4RDgsLEBYQERMUFRUVDA8XGBYUGBIUFRT/2wBDAQMEBAUEBQkFBQkUDQsNFBQUFBQUFBQUFBQUFBQUFBQUFBQUFBQUFBQUFBQUFBQUFBQUFBQUFBQUFBQUFBQUFBT/wAARCACLAKcDASIAAhEB',3868,NULL,'image-ex',282,NULL,NULL,NULL,NULL,NULL,NULL),(7,'data:image/jpeg;base64,/9j/4AAQSkZJRgABAQEAlgCWAAD/2wBDAAMCAgMCAgMDAwMEAwMEBQgFBQQEBQoHBwYIDAoMDAsKCwsNDhIQDQ4RDgsLEBYQERMUFRUVDA8XGBYUGBIUFRT/2wBDAQMEBAUEBQkFBQkUDQsNFBQUFBQUFBQUFBQUFBQUFBQUFBQUFBQUFBQUFBQUFBQUFBQUFBQUFBQUFBQUFBQUFBT/wAARCACfAO8DASIAAhEB',3872,NULL,'image-ex',65,NULL,NULL,NULL,NULL,NULL,NULL),(8,'data:image/jpeg;base64,/9j/4AAQSkZJRgABAQEAYABgAAD/2wBDAAMCAgMCAgMDAwMEAwMEBQgFBQQEBQoHBwYIDAoMDAsKCwsNDhIQDQ4RDgsLEBYQERMUFRUVDA8XGBYUGBIUFRT/2wBDAQMEBAUEBQkFBQkUDQsNFBQUFBQUFBQUFBQUFBQUFBQUFBQUFBQUFBQUFBQUFBQUFBQUFBQUFBQUFBQUFBQUFBT/wAARCACnAREDASIAAhEB',3873,NULL,'image-ex',185,NULL,NULL,NULL,NULL,NULL,NULL),(9,'data:image/jpeg;base64,/9j/4AAQSkZJRgABAQEAZABkAAD/2wBDAAMCAgMCAgMDAwMEAwMEBQgFBQQEBQoHBwYIDAoMDAsKCwsNDhIQDQ4RDgsLEBYQERMUFRUVDA8XGBYUGBIUFRT/2wBDAQMEBAUEBQkFBQkUDQsNFBQUFBQUFBQUFBQUFBQUFBQUFBQUFBQUFBQUFBQUFBQUFBQUFBQUFBQUFBQUFBQUFBT/wAARCAC4AR0DASIAAhEB',3873,NULL,'image-ex',185,NULL,NULL,NULL,NULL,NULL,NULL),(10,'data:image/jpeg;base64,/9j/4AAQSkZJRgABAQEAYABgAAD/2wBDAAMCAgMCAgMDAwMEAwMEBQgFBQQEBQoHBwYIDAoMDAsKCwsNDhIQDQ4RDgsLEBYQERMUFRUVDA8XGBYUGBIUFRT/2wBDAQMEBAUEBQkFBQkUDQsNFBQUFBQUFBQUFBQUFBQUFBQUFBQUFBQUFBQUFBQUFBQUFBQUFBQUFBQUFBQUFBQUFBT/wAARCACGALEDASIAAhEB',3875,NULL,'image-ex',194,NULL,NULL,NULL,NULL,NULL,NULL),(11,'data:image/jpeg;base64,/9j/4AAQSkZJRgABAQEAagBrAAD/2wBDAAMCAgMCAgMDAwMEAwMEBQgFBQQEBQoHBwYIDAoMDAsKCwsNDhIQDQ4RDgsLEBYQERMUFRUVDA8XGBYUGBIUFRT/2wBDAQMEBAUEBQkFBQkUDQsNFBQUFBQUFBQUFBQUFBQUFBQUFBQUFBQUFBQUFBQUFBQUFBQUFBQUFBQUFBQUFBQUFBT/wAARCACuAQMDASIAAhEB',3614,NULL,'image-ex',421,NULL,NULL,NULL,NULL,NULL,NULL),(12,'data:image/jpeg;base64,/9j/4AAQSkZJRgABAQEAlgCWAAD/2wBDAAMCAgMCAgMDAwMEAwMEBQgFBQQEBQoHBwYIDAoMDAsKCwsNDhIQDQ4RDgsLEBYQERMUFRUVDA8XGBYUGBIUFRT/2wBDAQMEBAUEBQkFBQkUDQsNFBQUFBQUFBQUFBQUFBQUFBQUFBQUFBQUFBQUFBQUFBQUFBQUFBQUFBQUFBQUFBQUFBT/wAARCACZAKUDASIAAhEB',3452,NULL,'image-ex',265,NULL,NULL,NULL,NULL,NULL,NULL),(13,'data:image/jpeg;base64,/9j/4AAQSkZJRgABAQEAlgCWAAD/2wBDAAMCAgMCAgMDAwMEAwMEBQgFBQQEBQoHBwYIDAoMDAsKCwsNDhIQDQ4RDgsLEBYQERMUFRUVDA8XGBYUGBIUFRT/2wBDAQMEBAUEBQkFBQkUDQsNFBQUFBQUFBQUFBQUFBQUFBQUFBQUFBQUFBQUFBQUFBQUFBQUFBQUFBQUFBQUFBQUFBT/wAARCADMANUDASIAAhEB',3485,NULL,'image-ex',295,NULL,NULL,NULL,NULL,NULL,NULL),(14,'data:image/jpeg;base64,/9j/4AAQSkZJRgABAQEAlgCWAAD/2wBDAAMCAgMCAgMDAwMEAwMEBQgFBQQEBQoHBwYIDAoMDAsKCwsNDhIQDQ4RDgsLEBYQERMUFRUVDA8XGBYUGBIUFRT/2wBDAQMEBAUEBQkFBQkUDQsNFBQUFBQUFBQUFBQUFBQUFBQUFBQUFBQUFBQUFBQUFBQUFBQUFBQUFBQUFBQUFBQUFBT/wAARCADbATcDASIAAhEB',3643,NULL,'image-ex',447,NULL,NULL,NULL,NULL,NULL,NULL),(15,'data:image/jpeg;base64,/9j/4AAQSkZJRgABAQEAYABgAAD/2wBDAAMCAgMCAgMDAwMEAwMEBQgFBQQEBQoHBwYIDAoMDAsKCwsNDhIQDQ4RDgsLEBYQERMUFRUVDA8XGBYUGBIUFRT/2wBDAQMEBAUEBQkFBQkUDQsNFBQUFBQUFBQUFBQUFBQUFBQUFBQUFBQUFBQUFBQUFBQUFBQUFBQUFBQUFBQUFBQUFBT/wAARCACTAKQDASIAAhEB',3487,NULL,'image-ex',297,NULL,NULL,NULL,NULL,NULL,NULL),(16,'data:image/jpeg;base64,/9j/4AAQSkZJRgABAQEAlgCWAAD/2wBDAAMCAgMCAgMDAwMEAwMEBQgFBQQEBQoHBwYIDAoMDAsKCwsNDhIQDQ4RDgsLEBYQERMUFRUVDA8XGBYUGBIUFRT/2wBDAQMEBAUEBQkFBQkUDQsNFBQUFBQUFBQUFBQUFBQUFBQUFBQUFBQUFBQUFBQUFBQUFBQUFBQUFBQUFBQUFBQUFBT/wAARCACSAKgDASIAAhEB',3508,NULL,'image-ex',317,NULL,NULL,NULL,NULL,NULL,NULL),(17,'https://diplomeo.com/formations-metier-pour-devenir-vendeur_conseil_en_materiel_agricole',3513,NULL,'external',322,NULL,NULL,NULL,NULL,NULL,NULL),(18,'data:image/jpeg;base64,/9j/4AAQSkZJRgABAQEAlgCWAAD/2wBDAAMCAgMCAgMDAwMEAwMEBQgFBQQEBQoHBwYIDAoMDAsKCwsNDhIQDQ4RDgsLEBYQERMUFRUVDA8XGBYUGBIUFRT/2wBDAQMEBAUEBQkFBQkUDQsNFBQUFBQUFBQUFBQUFBQUFBQUFBQUFBQUFBQUFBQUFBQUFBQUFBQUFBQUFBQUFBQUFBT/wAARCADBAQUDASIAAhEB',3640,NULL,'image-ex',444,NULL,NULL,NULL,NULL,NULL,NULL),(19,'data:image/jpeg;base64,/9j/4AAQSkZJRgABAQEAYABfAAD/2wBDAAMCAgMCAgMDAwMEAwMEBQgFBQQEBQoHBwYIDAoMDAsKCwsNDhIQDQ4RDgsLEBYQERMUFRUVDA8XGBYUGBIUFRT/2wBDAQMEBAUEBQkFBQkUDQsNFBQUFBQUFBQUFBQUFBQUFBQUFBQUFBQUFBQUFBQUFBQUFBQUFBQUFBQUFBQUFBQUFBT/wAARCACOAM4DASIAAhEB',3626,NULL,'image-ex',433,NULL,NULL,NULL,NULL,NULL,NULL),(20,'data:image/jpeg;base64,/9j/4AAQSkZJRgABAQEAYABgAAD/2wBDAAMCAgMCAgMDAwMEAwMEBQgFBQQEBQoHBwYIDAoMDAsKCwsNDhIQDQ4RDgsLEBYQERMUFRUVDA8XGBYUGBIUFRT/2wBDAQMEBAUEBQkFBQkUDQsNFBQUFBQUFBQUFBQUFBQUFBQUFBQUFBQUFBQUFBQUFBQUFBQUFBQUFBQUFBQUFBQUFBT/wAARCACmARYDASIAAhEB',3617,NULL,'image-ex',424,NULL,NULL,NULL,NULL,NULL,NULL),(21,'data:image/jpeg;base64,/9j/4AAQSkZJRgABAQEAagBqAAD/2wBDAAMCAgMCAgMDAwMEAwMEBQgFBQQEBQoHBwYIDAoMDAsKCwsNDhIQDQ4RDgsLEBYQERMUFRUVDA8XGBYUGBIUFRT/2wBDAQMEBAUEBQkFBQkUDQsNFBQUFBQUFBQUFBQUFBQUFBQUFBQUFBQUFBQUFBQUFBQUFBQUFBQUFBQUFBQUFBQUFBT/wAARCADIAQMDASIAAhEB',3623,NULL,'image-ex',430,NULL,NULL,NULL,NULL,NULL,NULL),(22,'data:image/jpeg;base64,/9j/4AAQSkZJRgABAQEAYABgAAD/2wBDAAMCAgMCAgMDAwMEAwMEBQgFBQQEBQoHBwYIDAoMDAsKCwsNDhIQDQ4RDgsLEBYQERMUFRUVDA8XGBYUGBIUFRT/2wBDAQMEBAUEBQkFBQkUDQsNFBQUFBQUFBQUFBQUFBQUFBQUFBQUFBQUFBQUFBQUFBQUFBQUFBQUFBQUFBQUFBQUFBT/wAARCACUAMEDASIAAhEB',3611,NULL,'image-ex',418,NULL,NULL,NULL,NULL,NULL,NULL),(23,'data:image/jpeg;base64,/9j/4AAQSkZJRgABAQEAbABsAAD/2wBDAAMCAgMCAgMDAwMEAwMEBQgFBQQEBQoHBwYIDAoMDAsKCwsNDhIQDQ4RDgsLEBYQERMUFRUVDA8XGBYUGBIUFRT/2wBDAQMEBAUEBQkFBQkUDQsNFBQUFBQUFBQUFBQUFBQUFBQUFBQUFBQUFBQUFBQUFBQUFBQUFBQUFBQUFBQUFBQUFBT/wAARCACfAJcDASIAAhEB',3608,NULL,'image-ex',415,NULL,NULL,NULL,NULL,NULL,NULL),(24,'data:image/jpeg;base64,/9j/4AAQSkZJRgABAQEAYABgAAD/2wBDAAMCAgMCAgMDAwMEAwMEBQgFBQQEBQoHBwYIDAoMDAsKCwsNDhIQDQ4RDgsLEBYQERMUFRUVDA8XGBYUGBIUFRT/2wBDAQMEBAUEBQkFBQkUDQsNFBQUFBQUFBQUFBQUFBQUFBQUFBQUFBQUFBQUFBQUFBQUFBQUFBQUFBQUFBQUFBQUFBT/wAARCACCANIDASIAAhEB',3605,NULL,'image-ex',412,NULL,NULL,NULL,NULL,NULL,NULL),(25,'data:image/jpeg;base64,/9j/4AAQSkZJRgABAQEAYABgAAD/2wBDAAMCAgMCAgMDAwMEAwMEBQgFBQQEBQoHBwYIDAoMDAsKCwsNDhIQDQ4RDgsLEBYQERMUFRUVDA8XGBYUGBIUFRT/2wBDAQMEBAUEBQkFBQkUDQsNFBQUFBQUFBQUFBQUFBQUFBQUFBQUFBQUFBQUFBQUFBQUFBQUFBQUFBQUFBQUFBQUFBT/wAARCAByAIEDASIAAhEB',3907,NULL,'image-ex',68,NULL,NULL,NULL,NULL,NULL,NULL),(26,'data:image/jpeg;base64,/9j/4AAQSkZJRgABAQEAYABgAAD/2wBDAAMCAgMCAgMDAwMEAwMEBQgFBQQEBQoHBwYIDAoMDAsKCwsNDhIQDQ4RDgsLEBYQERMUFRUVDA8XGBYUGBIUFRT/2wBDAQMEBAUEBQkFBQkUDQsNFBQUFBQUFBQUFBQUFBQUFBQUFBQUFBQUFBQUFBQUFBQUFBQUFBQUFBQUFBQUFBQUFBT/wAARCACVAJQDASIAAhEB',3602,NULL,'image-ex',409,NULL,NULL,NULL,NULL,NULL,NULL),(27,'data:image/jpeg;base64,/9j/4AAQSkZJRgABAQEAYABgAAD/2wBDAAMCAgMCAgMDAwMEAwMEBQgFBQQEBQoHBwYIDAoMDAsKCwsNDhIQDQ4RDgsLEBYQERMUFRUVDA8XGBYUGBIUFRT/2wBDAQMEBAUEBQkFBQkUDQsNFBQUFBQUFBQUFBQUFBQUFBQUFBQUFBQUFBQUFBQUFBQUFBQUFBQUFBQUFBQUFBQUFBT/wAARCADHASMDASIAAhEB',3552,NULL,'image-ex',361,NULL,NULL,NULL,NULL,NULL,NULL),(28,'data:image/jpeg;base64,/9j/4AAQSkZJRgABAQEAaQBzAAD/2wBDAAMCAgMCAgMDAwMEAwMEBQgFBQQEBQoHBwYIDAoMDAsKCwsNDhIQDQ4RDgsLEBYQERMUFRUVDA8XGBYUGBIUFRT/2wBDAQMEBAUEBQkFBQkUDQsNFBQUFBQUFBQUFBQUFBQUFBQUFBQUFBQUFBQUFBQUFBQUFBQUFBQUFBQUFBQUFBQUFBT/wAARCAD2AT0DASIAAhEB',3552,NULL,'image-ex',361,NULL,NULL,NULL,NULL,NULL,NULL),(29,'data:image/jpeg;base64,/9j/4AAQSkZJRgABAQEAbwBwAAD/2wBDAAMCAgMCAgMDAwMEAwMEBQgFBQQEBQoHBwYIDAoMDAsKCwsNDhIQDQ4RDgsLEBYQERMUFRUVDA8XGBYUGBIUFRT/2wBDAQMEBAUEBQkFBQkUDQsNFBQUFBQUFBQUFBQUFBQUFBQUFBQUFBQUFBQUFBQUFBQUFBQUFBQUFBQUFBQUFBQUFBT/wAARCACpAO8DASIAAhEB',3555,NULL,'image-ex',364,NULL,NULL,NULL,NULL,NULL,NULL),(30,'data:image/jpeg;base64,/9j/4AAQSkZJRgABAQEAYABgAAD/2wBDAAMCAgMCAgMDAwMEAwMEBQgFBQQEBQoHBwYIDAoMDAsKCwsNDhIQDQ4RDgsLEBYQERMUFRUVDA8XGBYUGBIUFRT/2wBDAQMEBAUEBQkFBQkUDQsNFBQUFBQUFBQUFBQUFBQUFBQUFBQUFBQUFBQUFBQUFBQUFBQUFBQUFBQUFBQUFBQUFBT/wAARCACQAI8DASIAAhEB',3558,NULL,'image-ex',367,NULL,NULL,NULL,NULL,NULL,NULL),(31,'data:image/jpeg;base64,/9j/4AAQSkZJRgABAQEAlgCWAAD/2wBDAAMCAgMCAgMDAwMEAwMEBQgFBQQEBQoHBwYIDAoMDAsKCwsNDhIQDQ4RDgsLEBYQERMUFRUVDA8XGBYUGBIUFRT/2wBDAQMEBAUEBQkFBQkUDQsNFBQUFBQUFBQUFBQUFBQUFBQUFBQUFBQUFBQUFBQUFBQUFBQUFBQUFBQUFBQUFBQUFBT/wAARCADcARwDASIAAhEB',3561,NULL,'image-ex',370,NULL,NULL,NULL,NULL,NULL,NULL),(32,'data:image/jpeg;base64,/9j/4AAQSkZJRgABAQEAYABgAAD/2wBDAAMCAgMCAgMDAwMEAwMEBQgFBQQEBQoHBwYIDAoMDAsKCwsNDhIQDQ4RDgsLEBYQERMUFRUVDA8XGBYUGBIUFRT/2wBDAQMEBAUEBQkFBQkUDQsNFBQUFBQUFBQUFBQUFBQUFBQUFBQUFBQUFBQUFBQUFBQUFBQUFBQUFBQUFBQUFBQUFBT/wAARCACbASkDASIAAhEB',3490,NULL,'image-ex',300,NULL,NULL,NULL,NULL,NULL,NULL),(33,'data:image/jpeg;base64,/9j/4AAQSkZJRgABAQEAVgBhAAD/2wBDAAMCAgMCAgMDAwMEAwMEBQgFBQQEBQoHBwYIDAoMDAsKCwsNDhIQDQ4RDgsLEBYQERMUFRUVDA8XGBYUGBIUFRT/2wBDAQMEBAUEBQkFBQkUDQsNFBQUFBQUFBQUFBQUFBQUFBQUFBQUFBQUFBQUFBQUFBQUFBQUFBQUFBQUFBQUFBQUFBT/wAARCADAAQQDASIAAhEB',3490,NULL,'image-ex',300,NULL,NULL,NULL,NULL,NULL,NULL),(34,'data:image/jpeg;base64,/9j/4AAQSkZJRgABAQEAlgCWAAD/2wBDAAMCAgMCAgMDAwMEAwMEBQgFBQQEBQoHBwYIDAoMDAsKCwsNDhIQDQ4RDgsLEBYQERMUFRUVDA8XGBYUGBIUFRT/2wBDAQMEBAUEBQkFBQkUDQsNFBQUFBQUFBQUFBQUFBQUFBQUFBQUFBQUFBQUFBQUFBQUFBQUFBQUFBQUFBQUFBQUFBT/wAARCAFDALsDASIAAhEB',3461,NULL,'image-ex',274,NULL,NULL,NULL,NULL,NULL,NULL),(35,'data:image/jpeg;base64,/9j/4AAQSkZJRgABAQEAYABgAAD/2wBDAAMCAgMCAgMDAwMEAwMEBQgFBQQEBQoHBwYIDAoMDAsKCwsNDhIQDQ4RDgsLEBYQERMUFRUVDA8XGBYUGBIUFRT/2wBDAQMEBAUEBQkFBQkUDQsNFBQUFBQUFBQUFBQUFBQUFBQUFBQUFBQUFBQUFBQUFBQUFBQUFBQUFBQUFBQUFBQUFBT/wAARCAC3AQoDASIAAhEB',3585,NULL,'image-ex',392,NULL,NULL,NULL,NULL,NULL,NULL),(36,'data:image/jpeg;base64,/9j/4AAQSkZJRgABAQEAXwBgAAD/2wBDAAMCAgMCAgMDAwMEAwMEBQgFBQQEBQoHBwYIDAoMDAsKCwsNDhIQDQ4RDgsLEBYQERMUFRUVDA8XGBYUGBIUFRT/2wBDAQMEBAUEBQkFBQkUDQsNFBQUFBQUFBQUFBQUFBQUFBQUFBQUFBQUFBQUFBQUFBQUFBQUFBQUFBQUFBQUFBQUFBT/wAARCAC8AKUDASIAAhEB',3525,NULL,'image-ex',334,NULL,NULL,NULL,NULL,NULL,NULL),(37,'data:image/jpeg;base64,/9j/4AAQSkZJRgABAQEAYABgAAD/2wBDAAMCAgMCAgMDAwMEAwMEBQgFBQQEBQoHBwYIDAoMDAsKCwsNDhIQDQ4RDgsLEBYQERMUFRUVDA8XGBYUGBIUFRT/2wBDAQMEBAUEBQkFBQkUDQsNFBQUFBQUFBQUFBQUFBQUFBQUFBQUFBQUFBQUFBQUFBQUFBQUFBQUFBQUFBQUFBQUFBT/wAARCAC3AQoDASIAAhEB',3582,NULL,'image-ex',389,NULL,NULL,NULL,NULL,NULL,NULL),(38,'data:image/jpeg;base64,/9j/4AAQSkZJRgABAQEAYABgAAD/2wBDAAMCAgMCAgMDAwMEAwMEBQgFBQQEBQoHBwYIDAoMDAsKCwsNDhIQDQ4RDgsLEBYQERMUFRUVDA8XGBYUGBIUFRT/2wBDAQMEBAUEBQkFBQkUDQsNFBQUFBQUFBQUFBQUFBQUFBQUFBQUFBQUFBQUFBQUFBQUFBQUFBQUFBQUFBQUFBQUFBT/wAARCAC7AQwDASIAAhEB',3582,NULL,'image-ex',389,NULL,NULL,NULL,NULL,NULL,NULL),(39,'data:image/jpeg;base64,/9j/4AAQSkZJRgABAQEAlgCWAAD/2wBDAAMCAgMCAgMDAwMEAwMEBQgFBQQEBQoHBwYIDAoMDAsKCwsNDhIQDQ4RDgsLEBYQERMUFRUVDA8XGBYUGBIUFRT/2wBDAQMEBAUEBQkFBQkUDQsNFBQUFBQUFBQUFBQUFBQUFBQUFBQUFBQUFBQUFBQUFBQUFBQUFBQUFBQUFBQUFBQUFBT/wAARCAEWAbYDASIAAhEB',3597,NULL,'image-ex',404,NULL,NULL,NULL,NULL,NULL,NULL),(40,'data:image/jpeg;base64,/9j/4AAQSkZJRgABAQEAYAB4AAD/2wBDAAMCAgMCAgMDAwMEAwMEBQgFBQQEBQoHBwYIDAoMDAsKCwsNDhIQDQ4RDgsLEBYQERMUFRUVDA8XGBYUGBIUFRT/2wBDAQMEBAUEBQkFBQkUDQsNFBQUFBQUFBQUFBQUFBQUFBQUFBQUFBQUFBQUFBQUFBQUFBQUFBQUFBQUFBQUFBQUFBT/wAARCADIARgDASIAAhEB',3597,NULL,'image-ex',404,NULL,NULL,NULL,NULL,NULL,NULL),(41,'data:image/jpeg;base64,/9j/4AAQSkZJRgABAQEAYABgAAD/2wBDAAMCAgMCAgMDAwMEAwMEBQgFBQQEBQoHBwYIDAoMDAsKCwsNDhIQDQ4RDgsLEBYQERMUFRUVDA8XGBYUGBIUFRT/2wBDAQMEBAUEBQkFBQkUDQsNFBQUFBQUFBQUFBQUFBQUFBQUFBQUFBQUFBQUFBQUFBQUFBQUFBQUFBQUFBQUFBQUFBT/wAARCAB/AOADASIAAhEB',3446,NULL,'image-ex',259,NULL,NULL,NULL,NULL,NULL,NULL),(42,'data:image/jpeg;base64,/9j/4AAQSkZJRgABAQEAYABgAAD/2wBDAAMCAgMCAgMDAwMEAwMEBQgFBQQEBQoHBwYIDAoMDAsKCwsNDhIQDQ4RDgsLEBYQERMUFRUVDA8XGBYUGBIUFRT/2wBDAQMEBAUEBQkFBQkUDQsNFBQUFBQUFBQUFBQUFBQUFBQUFBQUFBQUFBQUFBQUFBQUFBQUFBQUFBQUFBQUFBQUFBT/wAARCADOAIkDASIAAhEB',3493,NULL,'image-ex',303,NULL,NULL,NULL,NULL,NULL,NULL),(43,'data:image/jpeg;base64,/9j/4AAQSkZJRgABAQEAYABgAAD/2wBDAAMCAgMCAgMDAwMEAwMEBQgFBQQEBQoHBwYIDAoMDAsKCwsNDhIQDQ4RDgsLEBYQERMUFRUVDA8XGBYUGBIUFRT/2wBDAQMEBAUEBQkFBQkUDQsNFBQUFBQUFBQUFBQUFBQUFBQUFBQUFBQUFBQUFBQUFBQUFBQUFBQUFBQUFBQUFBQUFBT/wAARCACCANcDASIAAhEB',3496,NULL,'image-ex',306,NULL,NULL,NULL,NULL,NULL,NULL),(44,'data:image/jpeg;base64,/9j/4AAQSkZJRgABAQEAlgCPAAD/2wBDAAMCAgMCAgMDAwMEAwMEBQgFBQQEBQoHBwYIDAoMDAsKCwsNDhIQDQ4RDgsLEBYQERMUFRUVDA8XGBYUGBIUFRT/2wBDAQMEBAUEBQkFBQkUDQsNFBQUFBQUFBQUFBQUFBQUFBQUFBQUFBQUFBQUFBQUFBQUFBQUFBQUFBQUFBQUFBQUFBT/wAARCAEtASADASIAAhEB',3519,NULL,'image-ex',328,NULL,NULL,NULL,NULL,NULL,NULL),(45,'data:image/png;base64,iVBORw0KGgoAAAANSUhEUgAAALwAAAC8CAMAAAGCkAQPAAAAAXNSR0IArs4c6QAAAARnQU1BAACxjwv8YQUAAAL6UExURQUFBQQEBAcHBxERERAQEBoaGiAgIAoKCg8PDwsLCwwMDA4ODgkJCQgICAYGBg0NDRISEhkZGSEhIR0dHSMjIyIiIhgYGBQUFBMTExsbGx4eHhYWFhcXFx8fHxUVFRwcHCQkJCcnJzMzM',3528,NULL,'image-ex',337,NULL,NULL,NULL,NULL,NULL,NULL),(46,'data:image/jpeg;base64,/9j/4AAQSkZJRgABAQEAlgCWAAD/2wBDAAMCAgMCAgMDAwMEAwMEBQgFBQQEBQoHBwYIDAoMDAsKCwsNDhIQDQ4RDgsLEBYQERMUFRUVDA8XGBYUGBIUFRT/2wBDAQMEBAUEBQkFBQkUDQsNFBQUFBQUFBQUFBQUFBQUFBQUFBQUFBQUFBQUFBQUFBQUFBQUFBQUFBQUFBQUFBQUFBT/wAARCADGAQ4DASIAAhEB',3540,NULL,'image-ex',349,NULL,NULL,NULL,NULL,NULL,NULL),(47,'data:image/jpeg;base64,/9j/4AAQSkZJRgABAQEAYABgAAD/2wBDAAMCAgMCAgMDAwMEAwMEBQgFBQQEBQoHBwYIDAoMDAsKCwsNDhIQDQ4RDgsLEBYQERMUFRUVDA8XGBYUGBIUFRT/2wBDAQMEBAUEBQkFBQkUDQsNFBQUFBQUFBQUFBQUFBQUFBQUFBQUFBQUFBQUFBQUFBQUFBQUFBQUFBQUFBQUFBQUFBT/wAARCACSANIDASIAAhEB',3770,NULL,'image-ex',135,NULL,NULL,NULL,NULL,NULL,NULL),(48,'data:image/jpeg;base64,/9j/4AAQSkZJRgABAQEAZgBnAAD/2wBDAAMCAgMCAgMDAwMEAwMEBQgFBQQEBQoHBwYIDAoMDAsKCwsNDhIQDQ4RDgsLEBYQERMUFRUVDA8XGBYUGBIUFRT/2wBDAQMEBAUEBQkFBQkUDQsNFBQUFBQUFBQUFBQUFBQUFBQUFBQUFBQUFBQUFBQUFBQUFBQUFBQUFBQUFBQUFBQUFBT/wAARCACdAMcDASIAAhEB',3599,NULL,'image-ex',406,NULL,NULL,NULL,NULL,NULL,NULL),(49,'data:image/jpeg;base64,/9j/4AAQSkZJRgABAQEAYABgAAD/2wBDAAMCAgMCAgMDAwMEAwMEBQgFBQQEBQoHBwYIDAoMDAsKCwsNDhIQDQ4RDgsLEBYQERMUFRUVDA8XGBYUGBIUFRT/2wBDAQMEBAUEBQkFBQkUDQsNFBQUFBQUFBQUFBQUFBQUFBQUFBQUFBQUFBQUFBQUFBQUFBQUFBQUFBQUFBQUFBQUFBT/wAARCADSAIADASIAAhEB',3676,NULL,'image-ex',72,NULL,NULL,NULL,NULL,NULL,NULL),(50,'data:image/jpeg;base64,/9j/4AAQSkZJRgABAQEAYABgAAD/2wBDAAMCAgMCAgMDAwMEAwMEBQgFBQQEBQoHBwYIDAoMDAsKCwsNDhIQDQ4RDgsLEBYQERMUFRUVDA8XGBYUGBIUFRT/2wBDAQMEBAUEBQkFBQkUDQsNFBQUFBQUFBQUFBQUFBQUFBQUFBQUFBQUFBQUFBQUFBQUFBQUFBQUFBQUFBQUFBQUFBT/wAARCABxAMEDASIAAhEB',3479,NULL,'image-ex',289,NULL,NULL,NULL,NULL,NULL,NULL),(51,'data:image/jpeg;base64,/9j/4AAQSkZJRgABAQEAYABgAAD/2wBDAAMCAgMCAgMDAwMEAwMEBQgFBQQEBQoHBwYIDAoMDAsKCwsNDhIQDQ4RDgsLEBYQERMUFRUVDA8XGBYUGBIUFRT/2wBDAQMEBAUEBQkFBQkUDQsNFBQUFBQUFBQUFBQUFBQUFBQUFBQUFBQUFBQUFBQUFBQUFBQUFBQUFBQUFBQUFBQUFBT/wAARCABbAGIDASIAAhEB',3502,NULL,'image-ex',312,NULL,NULL,NULL,NULL,NULL,NULL),(52,'data:image/jpeg;base64,/9j/4AAQSkZJRgABAQEAcQBxAAD/2wBDAAMCAgMCAgMDAwMEAwMEBQgFBQQEBQoHBwYIDAoMDAsKCwsNDhIQDQ4RDgsLEBYQERMUFRUVDA8XGBYUGBIUFRT/2wBDAQMEBAUEBQkFBQkUDQsNFBQUFBQUFBQUFBQUFBQUFBQUFBQUFBQUFBQUFBQUFBQUFBQUFBQUFBQUFBQUFBQUFBT/wAARCADrAR4DASIAAhEB',3522,NULL,'image-ex',331,NULL,NULL,NULL,NULL,NULL,NULL),(53,'data:image/jpeg;base64,/9j/4AAQSkZJRgABAQEAlgCWAAD/2wBDAAMCAgMCAgMDAwMEAwMEBQgFBQQEBQoHBwYIDAoMDAsKCwsNDhIQDQ4RDgsLEBYQERMUFRUVDA8XGBYUGBIUFRT/2wBDAQMEBAUEBQkFBQkUDQsNFBQUFBQUFBQUFBQUFBQUFBQUFBQUFBQUFBQUFBQUFBQUFBQUFBQUFBQUFBQUFBQUFBT/wAARCADMASMDASIAAhEB',3594,NULL,'image-ex',401,NULL,NULL,NULL,NULL,NULL,NULL),(54,'data:image/jpeg;base64,/9j/4AAQSkZJRgABAQEAawBrAAD/2wBDAAMCAgMCAgMDAwMEAwMEBQgFBQQEBQoHBwYIDAoMDAsKCwsNDhIQDQ4RDgsLEBYQERMUFRUVDA8XGBYUGBIUFRT/2wBDAQMEBAUEBQkFBQkUDQsNFBQUFBQUFBQUFBQUFBQUFBQUFBQUFBQUFBQUFBQUFBQUFBQUFBQUFBQUFBQUFBQUFBT/wAARCAChANUDASIAAhEB',3564,NULL,'image-ex',373,NULL,NULL,NULL,NULL,NULL,NULL),(55,'data:image/jpeg;base64,/9j/4AAQSkZJRgABAQEAYABgAAD/2wBDAAMCAgMCAgMDAwMEAwMEBQgFBQQEBQoHBwYIDAoMDAsKCwsNDhIQDQ4RDgsLEBYQERMUFRUVDA8XGBYUGBIUFRT/2wBDAQMEBAUEBQkFBQkUDQsNFBQUFBQUFBQUFBQUFBQUFBQUFBQUFBQUFBQUFBQUFBQUFBQUFBQUFBQUFBQUFBQUFBT/wAARCACAAMoDASIAAhEB',3449,NULL,'image-ex',262,NULL,NULL,NULL,NULL,NULL,NULL),(56,'data:image/jpeg;base64,/9j/4AAQSkZJRgABAQEAlACWAAD/2wBDAAMCAgMCAgMDAwMEAwMEBQgFBQQEBQoHBwYIDAoMDAsKCwsNDhIQDQ4RDgsLEBYQERMUFRUVDA8XGBYUGBIUFRT/2wBDAQMEBAUEBQkFBQkUDQsNFBQUFBQUFBQUFBQUFBQUFBQUFBQUFBQUFBQUFBQUFBQUFBQUFBQUFBQUFBQUFBQUFBT/wAARCACeALIDASIAAhEB',3476,NULL,'image-ex',286,NULL,NULL,NULL,NULL,NULL,NULL),(57,'https://www.cadremploi.fr/editorial/conseils/conseils-candidature/entretien-embauche/detail/article/les-20-questions-les-plus-courantes-en-entretien-dembauche.html',2358,NULL,'external',244,NULL,NULL,NULL,NULL,NULL,NULL),(58,'https://www.cadremploi.fr/editorial/conseils/conseils-candidature/entretien-embauche/detail/article/les-questions-choc-a-poser-en-entretien.html',2358,NULL,'external',244,NULL,NULL,NULL,NULL,NULL,NULL),(59,'/plateforme-d-orientation/wp-content/uploads/2020/09/Modèle-CV-avec-photo.docx',2358,4152,'internal',244,534,NULL,NULL,NULL,NULL,NULL),(60,'/plateforme-d-orientation/wp-content/uploads/2020/09/Modèle-CV-sans-photo.docx',2358,4154,'internal',244,536,NULL,NULL,NULL,NULL,NULL),(61,'/plateforme-d-orientation/wp-content/uploads/2020/09/Modèle-lettre-de-motivation-1.doc',2358,4158,'internal',244,538,NULL,NULL,NULL,NULL,NULL),(62,'/plateforme-d-orientation/wp-content/uploads/2020/09/Modèle-Candidature-spontannée-2.docx',2358,4159,'internal',244,540,NULL,NULL,NULL,NULL,NULL),(63,'/plateforme-d-orientation/wp-content/uploads/2020/09/Modèle-Candidature-spontannée-3.docx',2358,4160,'internal',244,542,NULL,NULL,NULL,NULL,NULL),(64,'/plateforme-d-orientation/wp-content/themes/antomi/images/file-icon.png',2358,NULL,'image-in',244,NULL,NULL,NULL,NULL,NULL,NULL),(65,'/plateforme-d-orientation/wp-content/themes/antomi/images/file-icon.png',2358,NULL,'image-in',244,NULL,NULL,NULL,NULL,NULL,NULL),(66,'/plateforme-d-orientation/wp-content/themes/antomi/images/file-icon.png',2358,NULL,'image-in',244,NULL,NULL,NULL,NULL,NULL,NULL),(67,'/plateforme-d-orientation/wp-content/themes/antomi/images/file-icon.png',2358,NULL,'image-in',244,NULL,NULL,NULL,NULL,NULL,NULL),(68,'/plateforme-d-orientation/wp-content/themes/antomi/images/file-icon.png',2358,NULL,'image-in',244,NULL,NULL,NULL,NULL,NULL,NULL),(69,'https://www.cadremploi.fr/editorial/conseils/conseils-candidature/entretien-embauche/detail/article/les-20-questions-les-plus-courantes-en-entretien-dembauche.html',2363,NULL,'external',786,NULL,NULL,NULL,NULL,NULL,NULL),(70,'https://www.cadremploi.fr/editorial/conseils/conseils-candidature/entretien-embauche/detail/article/les-questions-choc-a-poser-en-entretien.html',2366,NULL,'external',789,NULL,NULL,NULL,NULL,NULL,NULL);


